{"id":849,"date":"2025-02-20T08:58:55","date_gmt":"2025-02-20T07:58:55","guid":{"rendered":"https:\/\/mandoline.info\/?page_id=849"},"modified":"2026-04-03T09:28:35","modified_gmt":"2026-04-03T07:28:35","slug":"mandoline-info-2","status":"publish","type":"page","link":"https:\/\/mandoline.info\/","title":{"rendered":"Mandoline.info"},"content":{"rendered":"\n<div class=\"wp-block-media-text alignwide is-stacked-on-mobile is-vertically-aligned-center has-background\" style=\"background-color:#fffdea\"><figure class=\"wp-block-media-text__media\"><img loading=\"lazy\" decoding=\"async\" width=\"894\" height=\"1024\" src=\"https:\/\/mandoline.info\/wp-content\/uploads\/2025\/02\/woll-streetart-894x1024.jpg\" alt=\"\" class=\"wp-image-1016 size-full\" srcset=\"https:\/\/mandoline.info\/wp-content\/uploads\/2025\/02\/woll-streetart-894x1024.jpg 894w, https:\/\/mandoline.info\/wp-content\/uploads\/2025\/02\/woll-streetart-262x300.jpg 262w, https:\/\/mandoline.info\/wp-content\/uploads\/2025\/02\/woll-streetart-768x879.jpg 768w, https:\/\/mandoline.info\/wp-content\/uploads\/2025\/02\/woll-streetart.jpg 1083w\" sizes=\"auto, (max-width: 894px) 100vw, 894px\" \/><\/figure><div class=\"wp-block-media-text__content\">\n<div class=\"wp-block-group\" style=\"padding-top:2em;padding-right:2em;padding-bottom:2em;padding-left:2em\"><div class=\"wp-block-group__inner-container is-layout-flow wp-block-group-is-layout-flow\">\n<p style=\"font-size:36px;line-height:1.2\">Die Mandoline war 2023 das Instrument des Jahres. Seit 1999 habe ich auf verschiedenen Websites immer wieder Informationen, Beitr\u00e4ge, Bilder zum Thema Mandoline und andere Zupfinstrumente ver\u00f6ffentlicht.<\/p>\n\n\n\n<p id=\"block-4b2e2e0c-87e1-4459-9fe1-79a10b69bcc0\">Auf der neuen Website mandoline.info will ich nun die wichtigsten Informationen und die beliebtesten Beitr\u00e4ge neu zusammenstellen.<\/p>\n\n\n\n<p style=\"font-size:36px;line-height:1.2\">Viel Spa\u00df!<\/p>\n\n\n<style>.wp-block-kadence-advancedheading.kt-adv-heading849_f98d05-f1, .wp-block-kadence-advancedheading.kt-adv-heading849_f98d05-f1[data-kb-block=\"kb-adv-heading849_f98d05-f1\"]{font-style:normal;}.wp-block-kadence-advancedheading.kt-adv-heading849_f98d05-f1 mark.kt-highlight, .wp-block-kadence-advancedheading.kt-adv-heading849_f98d05-f1[data-kb-block=\"kb-adv-heading849_f98d05-f1\"] mark.kt-highlight{font-style:normal;color:#f76a0c;-webkit-box-decoration-break:clone;box-decoration-break:clone;padding-top:0px;padding-right:0px;padding-bottom:0px;padding-left:0px;}<\/style>\n<h4 class=\"kt-adv-heading849_f98d05-f1 wp-block-kadence-advancedheading\" data-kb-block=\"kb-adv-heading849_f98d05-f1\">Hier geht es zu meiner ersten Website mandoisland.de:<\/h4>\n\n\n\n<div class=\"wp-block-buttons is-layout-flex wp-block-buttons-is-layout-flex\">\n<div class=\"wp-block-button\"><a class=\"wp-block-button__link has-black-color has-pale-cyan-blue-background-color has-text-color has-background has-link-color wp-element-button\" href=\"https:\/\/mandoisland.de\" target=\"_blank\" rel=\"noreferrer noopener\">mandoisland.de<\/a><\/div>\n<\/div>\n<\/div><\/div>\n<\/div><\/div>\n\n\n\n<div class=\"wp-block-media-text alignwide has-media-on-the-right is-stacked-on-mobile is-vertically-aligned-center has-background\" style=\"background-color:#f1f5c7\"><div class=\"wp-block-media-text__content\">\n<div class=\"wp-block-group\" style=\"padding-top:2em;padding-right:2em;padding-bottom:2em;padding-left:2em\"><div class=\"wp-block-group__inner-container is-layout-flow wp-block-group-is-layout-flow\">\n<p style=\"font-size:36px;line-height:1.2\"><strong>Die Mandoline war im Jahr 2023 das Instrument des Jahres<\/strong><\/p>\n\n\n\n<p>Ich habe im Jahr 2023 jeden Tag einen &#8222;Mandolinenspieler des Tages&#8220; oder eine &#8222;Mandolinenspielerin des Tages&#8220; vorgestellt.<\/p>\n\n\n\n<p>Fast 350 Mandolinenspielerinnnen und Mandolinenspieler sind hier zu entdecken &#8211; mit Biografie, Videos und vielen Frageb\u00f6gen!<\/p>\n\n\n\n<div class=\"wp-block-buttons is-layout-flex wp-block-buttons-is-layout-flex\">\n<div class=\"wp-block-button\"><a class=\"wp-block-button__link has-black-color has-pale-cyan-blue-background-color has-text-color has-background has-link-color wp-element-button\" href=\"https:\/\/mandoline2023.de\" target=\"_blank\" rel=\"noreferrer noopener\">mandoline2023.de<\/a><\/div>\n\n\n\n<div class=\"wp-block-button\"><a class=\"wp-block-button__link has-black-color has-pale-cyan-blue-background-color has-text-color has-background has-link-color wp-element-button\" href=\"https:\/\/mandoline2023.de\/?cat=12\">Die Mandolinenspieler des Tage (mandoline2023.de)<\/a><\/div>\n\n\n\n<div class=\"wp-block-button\"><a class=\"wp-block-button__link has-black-color has-pale-cyan-blue-background-color has-text-color has-background has-link-color wp-element-button\" href=\"https:\/\/mandoweb.de\/index.php\/mandolinenspieler-hauptseite\/alle-mandolinenspieler\" target=\"_blank\" rel=\"noreferrer noopener\">Die Mandolinenspieler des Tages (mandoweb.de)<\/a><\/div>\n<\/div>\n<\/div><\/div>\n<\/div><figure class=\"wp-block-media-text__media\"><img loading=\"lazy\" decoding=\"async\" width=\"1024\" height=\"775\" src=\"https:\/\/mandoline.info\/wp-content\/uploads\/2025\/02\/muschel2-1024x775.png\" alt=\"Mandoline Muschel Mandoisland\" class=\"wp-image-851 size-full\" srcset=\"https:\/\/mandoline.info\/wp-content\/uploads\/2025\/02\/muschel2-1024x775.png 1024w, https:\/\/mandoline.info\/wp-content\/uploads\/2025\/02\/muschel2-300x227.png 300w, https:\/\/mandoline.info\/wp-content\/uploads\/2025\/02\/muschel2-768x581.png 768w, https:\/\/mandoline.info\/wp-content\/uploads\/2025\/02\/muschel2-1536x1163.png 1536w, https:\/\/mandoline.info\/wp-content\/uploads\/2025\/02\/muschel2-2048x1550.png 2048w\" sizes=\"auto, (max-width: 1024px) 100vw, 1024px\" \/><\/figure><\/div>\n\n\n\n<div class=\"wp-block-cover is-light has-ast-global-color-4-color has-text-color has-link-color has-large-font-size wp-elements-fd56ae49fdb8f1a3b17962eff44670b7 wp-duotone-unset-1\"><img loading=\"lazy\" decoding=\"async\" width=\"1500\" height=\"993\" class=\"wp-block-cover__image-background wp-image-1039\" alt=\"\" src=\"https:\/\/mandoline.info\/wp-content\/uploads\/2025\/02\/alle-logos-kombi-02-2000.jpg\" data-object-fit=\"cover\" srcset=\"https:\/\/mandoline.info\/wp-content\/uploads\/2025\/02\/alle-logos-kombi-02-2000.jpg 1500w, https:\/\/mandoline.info\/wp-content\/uploads\/2025\/02\/alle-logos-kombi-02-2000-300x199.jpg 300w, https:\/\/mandoline.info\/wp-content\/uploads\/2025\/02\/alle-logos-kombi-02-2000-1024x678.jpg 1024w, https:\/\/mandoline.info\/wp-content\/uploads\/2025\/02\/alle-logos-kombi-02-2000-768x508.jpg 768w\" sizes=\"auto, (max-width: 1500px) 100vw, 1500px\" \/><span aria-hidden=\"true\" class=\"wp-block-cover__background has-background-dim\" style=\"background-color:#968c83\"><\/span><div class=\"wp-block-cover__inner-container is-layout-constrained wp-block-cover-is-layout-constrained\">\n<p class=\"has-text-align-center has-theme-palette-9-color has-text-color has-link-color has-large-font-size wp-elements-f85176b71d46a9744deb9bb53f9a2c22\"><strong>Die Mandolinenspieler des Tages in einem Bild<\/strong><\/p>\n<\/div><\/div>\n\n\n\n<div class=\"wp-block-media-text alignwide has-media-on-the-right is-stacked-on-mobile is-vertically-aligned-center has-background\" style=\"background-color:#f1f5c7\"><div class=\"wp-block-media-text__content\">\n<div class=\"wp-block-group\" style=\"padding-top:2em;padding-right:2em;padding-bottom:2em;padding-left:2em\"><div class=\"wp-block-group__inner-container is-layout-flow wp-block-group-is-layout-flow\">\n<p style=\"font-size:36px;line-height:1.2\"><strong>Duo 14strings<\/strong><\/p>\n\n\n\n<p>Seit 2023 spiele ich zusammen mit Johannes Boskamp im Duo &#8222;14strings&#8220;.<\/p>\n\n\n\n<p>Wir spielen klassische und italienische Musik f\u00fcr Mandoline und Gitarre, Volkst\u00e4nze, Tangos, Choros, popul\u00e4re Melodien und vieles mehr.<\/p>\n\n\n\n<div class=\"wp-block-buttons is-layout-flex wp-block-buttons-is-layout-flex\">\n<div class=\"wp-block-button\"><a class=\"wp-block-button__link has-black-color has-pale-cyan-blue-background-color has-text-color has-background has-link-color wp-element-button\" href=\"https:\/\/mandoline.info\/?page_id=1390\">Weitere Informationen<\/a><\/div>\n<\/div>\n<\/div><\/div>\n<\/div><figure class=\"wp-block-media-text__media\"><img loading=\"lazy\" decoding=\"async\" width=\"1024\" height=\"791\" src=\"https:\/\/mandoline.info\/wp-content\/uploads\/2025\/03\/IMG-20231027-WA0000-johannes-michael-ausschnitt-1024x791.jpg\" alt=\"\" class=\"wp-image-1391 size-full\" srcset=\"https:\/\/mandoline.info\/wp-content\/uploads\/2025\/03\/IMG-20231027-WA0000-johannes-michael-ausschnitt-1024x791.jpg 1024w, https:\/\/mandoline.info\/wp-content\/uploads\/2025\/03\/IMG-20231027-WA0000-johannes-michael-ausschnitt-300x232.jpg 300w, https:\/\/mandoline.info\/wp-content\/uploads\/2025\/03\/IMG-20231027-WA0000-johannes-michael-ausschnitt-768x593.jpg 768w, https:\/\/mandoline.info\/wp-content\/uploads\/2025\/03\/IMG-20231027-WA0000-johannes-michael-ausschnitt.jpg 1203w\" sizes=\"auto, (max-width: 1024px) 100vw, 1024px\" \/><\/figure><\/div>\n\n\n\n<p><\/p>\n\n\n\n<div class=\"wp-block-media-text alignwide is-stacked-on-mobile is-vertically-aligned-center has-background\" style=\"background-color:#fffdea\"><figure class=\"wp-block-media-text__media\"><img loading=\"lazy\" decoding=\"async\" width=\"1024\" height=\"806\" src=\"https:\/\/mandoline.info\/wp-content\/uploads\/2025\/02\/image013-1024x806.jpg\" alt=\"\" class=\"wp-image-860 size-full\" srcset=\"https:\/\/mandoline.info\/wp-content\/uploads\/2025\/02\/image013-1024x806.jpg 1024w, https:\/\/mandoline.info\/wp-content\/uploads\/2025\/02\/image013-300x236.jpg 300w, https:\/\/mandoline.info\/wp-content\/uploads\/2025\/02\/image013-768x605.jpg 768w, https:\/\/mandoline.info\/wp-content\/uploads\/2025\/02\/image013.jpg 1200w\" sizes=\"auto, (max-width: 1024px) 100vw, 1024px\" \/><\/figure><div class=\"wp-block-media-text__content\">\n<div class=\"wp-block-group\" style=\"padding-top:2em;padding-right:2em;padding-bottom:2em;padding-left:2em\"><div class=\"wp-block-group__inner-container is-layout-flow wp-block-group-is-layout-flow\">\n<p style=\"font-size:36px;line-height:1.2\"><strong>Seit 1999 gibt es die Website mandoisland.de<\/strong><\/p>\n\n\n\n<p>In vielen Jahren habe ich Informationen zur Mandoline gesammelt, kostenlose Noten bereitgestellt, viele Mandolinenschulen gezeigt, gescannt und frei verf\u00fcgbar gemacht.<\/p>\n\n\n\n<p>Ein Highlight ist der Zeitstrahl der Mandolinenschulen.<\/p>\n\n\n\n<p>Schau auch mal die Themenseiten zur Zupfmusik an!<\/p>\n\n\n\n<p>Hier gibt es wirklich viel zu entdecken!<\/p>\n\n\n\n<p>Die Website mandoisland.de ist auch in englischer Sprache verf\u00fcgbar!<\/p>\n\n\n\n<div class=\"wp-block-buttons is-layout-flex wp-block-buttons-is-layout-flex\">\n<div class=\"wp-block-button\"><a class=\"wp-block-button__link has-black-color has-pale-cyan-blue-background-color has-text-color has-background has-link-color wp-element-button\" href=\"https:\/\/mandoisland.de\" target=\"_blank\" rel=\"noreferrer noopener\">mandoisland.de<\/a><\/div>\n\n\n\n<div class=\"wp-block-button\"><a class=\"wp-block-button__link has-black-color has-pale-cyan-blue-background-color has-text-color has-background has-link-color wp-element-button\" href=\"https:\/\/www.mandoisland.de\/mandolinenschulen-timeline.html\" target=\"_blank\" rel=\"noreferrer noopener\">Zeitstrahl der Mandolinenschulen<\/a><\/div>\n\n\n\n<div class=\"wp-block-button\"><a class=\"wp-block-button__link has-black-color has-pale-cyan-blue-background-color has-text-color has-background has-link-color wp-element-button\" href=\"https:\/\/mandoisland.de\/weblog.html\" target=\"_blank\" rel=\"noreferrer noopener\">Themenseiten zur Zupfmusik<\/a><\/div>\n\n\n\n<div class=\"wp-block-button\"><a class=\"wp-block-button__link has-black-color has-pale-cyan-blue-background-color has-text-color has-background has-link-color wp-element-button\" href=\"https:\/\/www.mandoisland.de\/eng_index.html\" target=\"_blank\" rel=\"noreferrer noopener\">Mandoisland.de (Englisch)<\/a><\/div>\n\n\n\n<div class=\"wp-block-button\"><a class=\"wp-block-button__link has-black-color has-pale-cyan-blue-background-color has-text-color has-background has-link-color wp-element-button\" href=\"https:\/\/mandoline.info\/?cat=5\">Zur Kategorie Mandolinenschulen (mandoline.info)<\/a><\/div>\n<\/div>\n<\/div><\/div>\n<\/div><\/div>\n\n\n\n<div class=\"wp-block-media-text alignwide has-media-on-the-right is-stacked-on-mobile is-vertically-aligned-center has-background\" style=\"background-color:#f1f5c7\"><div class=\"wp-block-media-text__content\">\n<div class=\"wp-block-group\" style=\"padding-top:2em;padding-right:2em;padding-bottom:2em;padding-left:2em\"><div class=\"wp-block-group__inner-container is-layout-flow wp-block-group-is-layout-flow\">\n<p style=\"font-size:36px;line-height:1.2\"><strong>In meinem Blog gezupftes.de habe ich viele Jahre lang Beitr\u00e4ge \u00fcber die Mandoline ver\u00f6ffentlicht<\/strong><\/p>\n\n\n\n<div class=\"wp-block-buttons is-layout-flex wp-block-buttons-is-layout-flex\">\n<div class=\"wp-block-button\"><a class=\"wp-block-button__link has-black-color has-pale-cyan-blue-background-color has-text-color has-background has-link-color wp-element-button\" href=\"https:\/\/gezupftes.de\" target=\"_blank\" rel=\"noreferrer noopener\">gezupftes.de<\/a><\/div>\n<\/div>\n<\/div><\/div>\n<\/div><figure class=\"wp-block-media-text__media\"><img loading=\"lazy\" decoding=\"async\" width=\"1024\" height=\"768\" src=\"https:\/\/mandoline.info\/wp-content\/uploads\/2025\/02\/bild17-1-1024x768.jpg\" alt=\"\" class=\"wp-image-867 size-full\" srcset=\"https:\/\/mandoline.info\/wp-content\/uploads\/2025\/02\/bild17-1-1024x768.jpg 1024w, https:\/\/mandoline.info\/wp-content\/uploads\/2025\/02\/bild17-1-300x225.jpg 300w, https:\/\/mandoline.info\/wp-content\/uploads\/2025\/02\/bild17-1-768x576.jpg 768w, https:\/\/mandoline.info\/wp-content\/uploads\/2025\/02\/bild17-1.jpg 1200w\" sizes=\"auto, (max-width: 1024px) 100vw, 1024px\" \/><\/figure><\/div>\n\n\n\n<div class=\"wp-block-media-text alignwide is-stacked-on-mobile is-vertically-aligned-center has-background\" style=\"background-color:#fffdea\"><figure class=\"wp-block-media-text__media\"><img loading=\"lazy\" decoding=\"async\" width=\"1024\" height=\"601\" src=\"https:\/\/mandoline.info\/wp-content\/uploads\/2025\/02\/image034-1024x601.jpg\" alt=\"\" class=\"wp-image-865 size-full\" srcset=\"https:\/\/mandoline.info\/wp-content\/uploads\/2025\/02\/image034-1024x601.jpg 1024w, https:\/\/mandoline.info\/wp-content\/uploads\/2025\/02\/image034-300x176.jpg 300w, https:\/\/mandoline.info\/wp-content\/uploads\/2025\/02\/image034-768x451.jpg 768w, https:\/\/mandoline.info\/wp-content\/uploads\/2025\/02\/image034.jpg 1200w\" sizes=\"auto, (max-width: 1024px) 100vw, 1024px\" \/><\/figure><div class=\"wp-block-media-text__content\">\n<div class=\"wp-block-group\" style=\"padding-top:2em;padding-right:2em;padding-bottom:2em;padding-left:2em\"><div class=\"wp-block-group__inner-container is-layout-flow wp-block-group-is-layout-flow\">\n<p style=\"font-size:36px;line-height:1.2\"><strong>Auf der Website mandoweb.de habe ich einen Onlinekurs f\u00fcr Mandoline entwickelt. Au\u00dferdem findet man dort viele Kurzportraits von Mandolinenspielerinnnen und -spielern. <\/strong><\/p>\n\n\n\n<div class=\"wp-block-buttons is-layout-flex wp-block-buttons-is-layout-flex\">\n<div class=\"wp-block-button\"><a class=\"wp-block-button__link has-black-color has-pale-cyan-blue-background-color has-text-color has-background has-link-color wp-element-button\" href=\"https:\/\/mandoweb.de\" target=\"_blank\" rel=\"noreferrer noopener\">mandoweb.de<\/a><\/div>\n<\/div>\n\n\n\n<p>Ich werde alle Beitr\u00e4ge der Kategorie &#8222;Mandoline lernen&#8220; auf diese Website \u00fcbernehmen und aktualisieren.<\/p>\n\n\n\n<div class=\"wp-block-buttons is-layout-flex wp-block-buttons-is-layout-flex\">\n<div class=\"wp-block-button\"><a class=\"wp-block-button__link wp-element-button\" href=\"https:\/\/mandoline.info\/?cat=2\">Zur Kategorie &#8222;Mandoline lernen&#8220;<\/a><\/div>\n\n\n\n<div class=\"wp-block-button\"><a class=\"wp-block-button__link wp-element-button\" href=\"https:\/\/mandoline.info\/?cat=3\">Zur Kategorie &#8222;Mandolinenkurs 1&#8220; mit den \u00fcberarbeiteten Beitr\u00e4gen<\/a><\/div>\n<\/div>\n<\/div><\/div>\n<\/div><\/div>\n\n\n\n<div class=\"wp-block-media-text alignwide has-media-on-the-right is-stacked-on-mobile is-vertically-aligned-center has-background\" style=\"background-color:#f1f5c7\"><div class=\"wp-block-media-text__content\">\n<div class=\"wp-block-group\" style=\"padding-top:2em;padding-right:2em;padding-bottom:2em;padding-left:2em\"><div class=\"wp-block-group__inner-container is-layout-flow wp-block-group-is-layout-flow\">\n<p style=\"font-size:36px;line-height:1.2\"><strong>In meinem Blog mandoisland.com habe ich viele Beitr\u00e4ge in englischer Sprache ver\u00f6ffentlicht.<\/strong><\/p>\n\n\n\n<p>Posts about the mandolin and other plucked instruments in English language are available in my blog mandoisland.com<\/p>\n\n\n\n<div class=\"wp-block-buttons is-layout-flex wp-block-buttons-is-layout-flex\">\n<div class=\"wp-block-button\"><a class=\"wp-block-button__link has-black-color has-pale-cyan-blue-background-color has-text-color has-background has-link-color wp-element-button\" href=\"https:\/\/mandoisland.com\" target=\"_blank\" rel=\"noreferrer noopener\">mandoisland.com<\/a><\/div>\n<\/div>\n<\/div><\/div>\n<\/div><figure class=\"wp-block-media-text__media\"><img loading=\"lazy\" decoding=\"async\" width=\"640\" height=\"480\" src=\"https:\/\/mandoline.info\/wp-content\/uploads\/2025\/02\/mandoisland-gibson-mandoline.jpg\" alt=\"\" class=\"wp-image-876 size-full\" srcset=\"https:\/\/mandoline.info\/wp-content\/uploads\/2025\/02\/mandoisland-gibson-mandoline.jpg 640w, https:\/\/mandoline.info\/wp-content\/uploads\/2025\/02\/mandoisland-gibson-mandoline-300x225.jpg 300w\" sizes=\"auto, (max-width: 640px) 100vw, 640px\" \/><\/figure><\/div>\n\n\n\n<div class=\"wp-block-cover alignfull is-light has-black-color has-text-color\" style=\"margin-top:0;padding-top:48px;padding-right:48px;padding-bottom:48px;padding-left:48px;min-height:66vh;aspect-ratio:unset;\"><span aria-hidden=\"true\" class=\"wp-block-cover__background has-background-dim-100 has-background-dim\" style=\"background-color:#ffb43c\"><\/span><div class=\"wp-block-cover__inner-container is-layout-flow wp-block-cover-is-layout-flow\">\n<div class=\"wp-block-group\"><div class=\"wp-block-group__inner-container is-layout-constrained wp-container-core-group-is-layout-4b07d187 wp-block-group-is-layout-constrained\">\n<p class=\"has-text-align-left has-black-color has-text-color\" style=\"font-size:63px;font-style:normal;font-weight:700;letter-spacing:-2px;line-height:0.9;text-transform:uppercase\"><mark style=\"color:#a65a00\" class=\"has-inline-color\">\u2734\ufe0e<\/mark> Die aktuellen Blogbeitr\u00e4ge<\/p>\n\n\n<ul class=\"wp-block-latest-posts__list wp-block-latest-posts\"><li><a class=\"wp-block-latest-posts__post-title\" href=\"https:\/\/mandoline.info\/?p=2388\">Tremolo \u00dcbung &#8211; Die ersten Schritte<\/a><\/li>\n<li><a class=\"wp-block-latest-posts__post-title\" href=\"https:\/\/mandoline.info\/?p=2382\">Katzenhai Blues<\/a><\/li>\n<li><a class=\"wp-block-latest-posts__post-title\" href=\"https:\/\/mandoline.info\/?p=2370\">La Petite Tonkinoise &#8211; F\u00fcr Mandolinenorchester<\/a><\/li>\n<li><a class=\"wp-block-latest-posts__post-title\" href=\"https:\/\/mandoline.info\/?p=2358\">La Migliavacca &#8211; Bekannte Mazurka mit Variationen<\/a><\/li>\n<li><a class=\"wp-block-latest-posts__post-title\" href=\"https:\/\/mandoline.info\/?p=2351\">Matrosenlied &#8211; Robert Schumann<\/a><\/li>\n<\/ul><\/div><\/div>\n<\/div><\/div>\n","protected":false},"excerpt":{"rendered":"","protected":false},"author":1,"featured_media":0,"parent":0,"menu_order":0,"comment_status":"closed","ping_status":"closed","template":"","meta":{"_kad_post_transparent":"","_kad_post_title":"","_kad_post_layout":"","_kad_post_sidebar_id":"","_kad_post_content_style":"","_kad_post_vertical_padding":"","_kad_post_feature":"","_kad_post_feature_position":"","_kad_post_header":false,"_kad_post_footer":false,"footnotes":""},"class_list":["post-849","page","type-page","status-publish","hentry"],"jetpack_sharing_enabled":true,"_links":{"self":[{"href":"https:\/\/mandoline.info\/index.php?rest_route=\/wp\/v2\/pages\/849","targetHints":{"allow":["GET"]}}],"collection":[{"href":"https:\/\/mandoline.info\/index.php?rest_route=\/wp\/v2\/pages"}],"about":[{"href":"https:\/\/mandoline.info\/index.php?rest_route=\/wp\/v2\/types\/page"}],"author":[{"embeddable":true,"href":"https:\/\/mandoline.info\/index.php?rest_route=\/wp\/v2\/users\/1"}],"replies":[{"embeddable":true,"href":"https:\/\/mandoline.info\/index.php?rest_route=%2Fwp%2Fv2%2Fcomments&post=849"}],"version-history":[{"count":14,"href":"https:\/\/mandoline.info\/index.php?rest_route=\/wp\/v2\/pages\/849\/revisions"}],"predecessor-version":[{"id":2381,"href":"https:\/\/mandoline.info\/index.php?rest_route=\/wp\/v2\/pages\/849\/revisions\/2381"}],"wp:attachment":[{"href":"https:\/\/mandoline.info\/index.php?rest_route=%2Fwp%2Fv2%2Fmedia&parent=849"}],"curies":[{"name":"wp","href":"https:\/\/api.w.org\/{rel}","templated":true}]}}